0)?
1
Let q(x) = -17*x**2 + 36*x - 4. Calculate q(3).
-49
Let b(u) = -2*u**2 + 12*u + 2. Calculate b(6).
2
Let q(b) = 5*b**3 + 6*b + 2. Give q(3).
155
Let v(i) = 4*i - 45. Give v(15).
15
Let u(j) = 2*j**3 + 43*j**2 + 31*j + 213. Calculate u(-21).
3
Let d(o) = 11*o - 109. Calculate d(12).
23
Let l(i) = -i**3 - 6*i**2 + 3*i + 13. Give l(-6).
-5
Let p(c) = c**2 + 14*c + 29. What is p(-12)?
5
Let m(k) = 28*k + 265. Determine m(-10).
-15
Let m(q) = -q - 6. What is m(-15)?
9
Let b(v) = -5*v**2 - 6*v - 2. Calculate b(-2).
-10
Let w(d) = -d**2 - 10*d + 55. Calculate w(-14).
-1
Let f(y) = -6*y - 4. What is f(0)?
-4
Let g(c) = -7*c - 151. Give g(-17).
-32
Let v(z) = -z**2 - 11*z + 11. Determine v(-12).
-1
Let a(m) = -m**3 + 5*m + 2. Determine a(-3).
14
Let s(r) = -7*r + 16. Determine s(9).
-47
Let o(u) = 2*u**3 - 21*u**2 - u + 8. Calculate o(0).
8
Let q(c) = c**3 - 3*c**2 + c - 1. What is q(2)?
-3
Let i(h) = -382*h - 1144. Determine i(-3).
2
Let u(b) = b**2 + 3*b + 2. Calculate u(-4).
6
Let c(l) = l**3 + 5*l**2 + 5*l - 7. What is c(-5)?
-32
Let c(j) = -j**2 - 25*j - 111. Determine c(-5).
-11
Let l(d) = 8*d**2 - 2*d - 2. Determine l(2).
26
Let b(n) = n**2 + 17*n + 3. Give b(-16).
-13
Let n(i) = 3*i**2 - 28*i + 1. Determine n(9).
-8
Let s(n) = -n**3 + 4*n**2 + n + 1. Determine s(4).
5
Let x(m) = -8*m - 25. Determine x(-4).
7
Let z(r) = -2*r**2 + 1. Calculate z(2).
-7
Let x(v) = -6*v**2 + 3*v - 1. Calculate x(3).
-46
Let q(b) = 2*b**3 - 16*b**2 + 5*b + 30. What is q(7)?
-33
Let q(u) = -u**2 - 2*u + 67. Calculate q(7).
4
Let i(m) = 3*m + 87. What is i(-32)?
-9
Let z(j) = -6*j - 3. What is z(-3)?
15
Let x(q) = q**3 - 13*q**2 + 6*q + 39. Calculate x(12).
-33
Let y(j) = j**2 + 3*j - 42. What is y(5)?
-2
Let w(l) = -l**3 + 10*l**2 - 19*l + 14. Calculate w(7).
28
Let b(v) = v**2 - 4*v + 196. What is b(0)?
196
Let l(w) = 5*w**2 + 8*w. Determine l(-2).
4
Let l(c) = c**3 - 12*c**2 + 26*c - 52. What is l(10)?
8
Let u(g) = -g**3 - g**2 - 35. Calculate u(0).
-35
Let f(c) = -2*c**2 + 2*c - 3. Calculate f(3).
-15
Let a(n) = -n**3 - 6*n**2 - 2*n + 4. Calculate a(-4).
-20
Let x(o) = -6*o + 166. Calculate x(27).
4
Let b(n) = -4*n + 14. Calculate b(2).
6
Let y(x) = -42*x**3 - x**2 - x. Calculate y(-1).
42
Let f(j) = 3*j - 66. Calculate f(14).
-24
Let x(c) = c + 16. Give x(-4).
12
Let d(x) = -x**3 + 8*x**2 - 26. What is d(8)?
-26
Let h(z) = 5*z**2 + 28*z - 7. What is h(-9)?
146
Let u(s) = 2*s**3 - 18*s**2 + 7*s - 11. Give u(9).
52
Let h(t) = -t**3 + 4*t**2 - t - 13. Calculate h(3).
-7
Let k(m) = -m**3 - m**2 - 6*m + 8. Give k(3).
-46
Let h(n) = -2*n**2 - 5*n - 31. Give h(-3).
-34
Let l(i) = 2*i**3 + 7*i**2 - 3*i + 5. Give l(-4).
1
Let d(r) = -2*r + 6. What is d(6)?
-6
Let b(y) = 61*y - 351. Calculate b(6).
15
Let g(w) = -w**2 - 15*w - 30. Determine g(-12).
6
Let p(k) = 47*k**2 + 2*k + 3. Calculate p(-1).
48
Let j(b) = -b**3 + 8*b**2 - 7*b. Determine j(8).
-56
Let b(x) = -x**3 - 5*x**2 + 3. Give b(-6).
39
Let x(g) = -2*g - 3. What is x(3)?
-9
Let t(w) = 2*w**2 + 7*w + 2. What is t(-2)?
-4
Let c(b) = -2*b - 1. Determine c(30).
-61
Let o(h) = h**3 - 5*h**2 - h - 31. Calculate o(6).
-1
Let t(o) = -87*o + 517. Give t(6).
-5
Let h(p) = 2*p**2 + 8*p + 7. Calculate h(-8).
71
Let n(i) = -i**3 - 6*i**2 + 3. Determine n(-7).
52
Let m(r) = r**2 - 9*r + 10. What is m(8)?
2
Let x(p) = -4*p - 20. Calculate x(11).
-64
Let g(n) = -n**3 + 4*n**2 + n - 6. Determine g(3).
6
Let g(x) = -17*x - 1431. Give g(-85).
14
Let u(k) = k**3 + 3*k**2 - k - 1. Give u(-4).
-13
Let t(s) = 3*s**2 - 7. Determine t(-3).
20
Let k(h) = -h**2 - 62*h - 673. What is k(-48)?
-1
Let t(b) = b**3 + b**2 - 4*b + 4. Calculate t(-4).
-28
Let a(x) = 63*x + 129. Calculate a(-2).
3
Let t(a) = -55*a + 1. Give t(-1).
56
Let w(h) = -h**3 - 12*h**2 - 8*h - 14. Calculate w(-11).
-47
Let w(q) = 2*q**2 - q - 2. Determine w(-3).
19
Let z(l) = -l**2 + 6*l + 20. Determine z(10).
-20
Let q(r) = r**3 - 4*r + 3. Determine q(2).
3
Let s(r) = r**3 - 6*r**2 - 7*r - 8. Calculate s(7).
-8
Let o(f) = 2*f + 4. Give o(-4).
-4
Let m(f) = -2*f**2 + 10*f + 6. What is m(5)?
6
Let d(b) = b**2 + 19*b - 7. Calculate d(-19).
-7
Let s(w) = w**3 - 9*w**2 + 1. Calculate s(9).
1
Let y(p) = 2*p - 15. Determine y(5).
-5
Let z(n) = -n**2 - 13*n - 23. Determine z(-8).
17
Let m(j) = -j**3 - 11*j**2 + 6*j - 73. Give m(-12).
-1
Let j(v) = 15*v + 2. Calculate j(-1).
-13
Let c(q) = -q**2 - 9*q + 26. Determine c(-11).
4
Let o(a) = -a**2 + 4*a - 5. What is o(3)?
-2
Let j(r) = 2*r**3 - 91*r**2 + 48*r - 138. Determine j(45).
-3
Let o(l) = -l**3 + 6*l**2 + 4*l + 4. Calculate o(7).
-17
Let q(b) = b**3 - 4*b**2 - 11*b - 1. Give q(6).
5
Let v(k) = 6*k - 9. Determine v(6).
27
Let a(f) = -4*f**2 - 8*f + 7. What is a(-3)?
-5
Let a(s) = 18*s - 692. Calculate a(38).
-8
Let f(c) = -3*c**3 + 5*c**2 - 4*c + 3. Give f(3).
-45
Let d(c) = c - 14. Give d(14).
0
Let z(g) = g**2. Calculate z(2).
4
Let j(h) = h**3 + 3*h**2 + 4*h + 3. Determine j(-2).
-1
Let m(h) = 2*h + 58. What is m(-24)?
10
Let j(f) = -f**2 + 26*f - 171. Determine j(11).
-6
Let j(m) = -m**2 + 13*m + 15. Calculate j(11).
37
Let n(q) = 2*q**2 - 4*q + 3. Determine n(2).
3
Let y(h) = -h**3 + 12*h**2 + 15*h - 12. What is y(13)?
14
Let h(f) = -2*f**3 - 3*f**2 - f. What is h(-2)?
6
Let q(o) = o**3 + 2*o + 59. Determine q(0).
59
Let z(g) = g**3 - 13*g**2 + 2*g - 22. Determine z(13).
4
Let h(j) = -j**3 - 10*j**2 + 23*j - 13. What is h(-12)?
-1
Let b(z) = -19*z. Calculate b(-1).
19
Let o(s) = -s**3 - 4*s**2 - 1. Determine o(-6).
71
Let o(n) = -3*n**3 + n + 3. Determine o(3).
-75
Let w(q) = 2*q + 27. Determine w(-12).
3
Let p(k) = -k - 2. Determine p(-3).
1
Let l(r) = r**3 + 16*r**2 - 16*r - 16. Determine l(-17).
-33
Let t(l) = l**3 - 7*l**2 - 4*l + 17. What is t(5)?
-53
Let y(o) = -6*o - 27. Calculate y(-9).
27
Let v(x) = 2*x - 56. Give v(30).
4
Let n(m) = 2*m - 17. What is n(12)?
7
Let l(h) = 37*h + 177. Determine l(-5).
-8
Let y(h) = 2*h**2 - 8*h - 1. Determine y(-3).
41
Let d(g) = -g**3 + 12*g**2 - 32*g - 27. Calculate d(8).
-27
Let a(v) = -v**3 - 10*v**2 - 3. Determine a(-10).
-3
Let t(h) = -h**2 - 9*h - 4. Determine t(-11).
-26
Let v(k) = k**3 + 6*k**2 + 2*k - 9. Give v(-7).
-72
Let h(g) = -g**2 + 13*g + 13. Calculate h(-8).
-155
Let m(a) = 6*a**3 - 4*a**2 - 3*a - 7. Determine m(-3).
-196
Let l(u) = -u**2 - 4. Calculate l(-4).
-20
Let l(a) = -a**2 + 112*a - 539. What is l(5)?
-4
Let t(b) = -b**3 - 5*b**2 + b + 1. Determine t(-6).
31
Let t(o) = o**2 - 5*o + 7. What is t(9)?
43
Let t(m) = -m**3 - 8*m**2 - 9*m - 15. Calculate t(-7).
-1
Let r(k) = -k**2 + 11*k - 22. Give r(9).
-4
Let z(r) = -17*r - 21. What is z(-3)?
30
Let g(w) = -3*w + 4. Give g(-3).
13
Let r(l) = -3*l - 2. Calculate r(5).
-17
Let r(t) = -2*t**2 + 3*t + 4. Determine r(-3).
-23
Let x(f) = -f**3 + 6*f**2 + f - 6. Give x(6).
0
Let m(u) = -u**2 - 9*u + 44. What is m(-11)?
22
Let v(j) = -j**2 + 2*j + 8. Calculate v(4).
0
Let q(u) = -u - 69. Give q(-24).
-45
Let a(p) = -4*p + 7. Calculate a(-3).
19
Let a(r) = 13*r - 22. Give a(3).
17
Let a(f) = -f**2 + 5*f + 385. What is a(-17)?
11
Let g(r) = 2*r**2 + 6*r - 10. What is g(-4)?
-2
Let p(t) = -t**3 + 6*t**2 + 14*t + 10. Give p(8).
-6
Let p(o) = -2*o**2 + 5*o + 11. Determine p(-4).
-41
Let f(w) = w**2 + 12*w + 3. Give f(-11).
-8
Let j(i) = i**2 - 7*i - 1. Determine j(9).
17
Let n(x) = 122*x - 8. Give n(1).
114
Let o(i) = 16*i - 14. Calculate o(1).
2
Let m(x) = -x**3 - 3*x**2 + 2*x - 11. Give m(-4).
-3
Let y(r) = -4*r + 16. Calculate y(4).
0
Let y(x) = x**3 + 8*x + 10. What is y(0)?
10
Let r(s) = 2*s**2 + 10*s + 11. Calculate r(-2).
-1
Let u(p) = -p**3 + 7*p**2 + 3*p - 5. Determine u(8).
-45
Let p(i) = i**2 - 40*i - 79. Calculate p(42).
5
Let t(u) = -u + 9. Give t(-7).
16
Let o(i) = -i**2 - 7*i - 14. Give o(-6).
-8
Let f(v) = v**3 + 9*v**2 + 10*v + 5. Give f(-8).
-11
Let s(a) = a**2 - 12*a + 4. What is s(12)?
4
Let z(j) = j**3 - 4*j**2 - 6*j - 3. Calculate z(5).
-8
Let h(r) = 2*r**3 + 8*r**2 - 9*r - 8. Give h(-4).
28
Let k(c) = c + 14. Determine k(-11).
3
Let z(m) = -27*m - 1863. Give z(-69).
0
Let o(k) = 2*k**2 - 3*k + 1. Calculate o(-2).
15
Let q(j) = 25*j**3 - 3*j**2 + 2*j. What is q(1)?
24
Let j(b) = 2*b**2 + 3*b - 1. Give j(-3).
8
Let m(j) = -3*j - 17. Give m(7).
-38
Let g(q) = q**3 + 18*q**2 + 15*q - 51. Give g(